3 a composite number?
True
Is 462835 a prime number?
False
Is 839246 prime?
False
Is 116032207 composite?
False
Is 76983253 composite?
False
Is 1831079 a composite number?
False
Is 8734169 a prime number?
True
Is 1345451 a prime number?
True
Is 13166017 prime?
False
Is 471837107 prime?
False
Is 1640255261 a composite number?
False
Is 13072357 prime?
True
Is 11041253 composite?
True
Is 1404059 prime?
True
Is 7631135 composite?
True
Is 3573727 prime?
True
Is 235071107 a prime number?
True
Is 39344541 a prime number?
False
Is 8293393 a prime number?
True
Is 50453653 composite?
False
Is 6340729 a prime number?
False
Is 8959309 a prime number?
False
Is 6365923 a composite number?
True
Is 49472263 prime?
True
Is 445867 prime?
False
Is 13373639 a composite number?
False
Is 1666991 a composite number?
False
Is 261149717 composite?
False
Is 4084207 composite?
False
Is 2613319 composite?
True
Is 819103711 a composite number?
True
Is 82918981 a composite number?
True
Is 342547801 a composite number?
True
Is 25232963 a composite number?
True
Is 420851911 a composite number?
False
Is 291253 composite?
False
Is 77837 a prime number?
False
Is 13706221 composite?
True
Is 3671821 prime?
False
Is 389789 a composite number?
True
Is 110095715 prime?
False
Is 70758593 prime?
True
Is 10814981 a composite number?
True
Is 2273143 a prime number?
True
Is 4132693 a prime number?
True
Is 2524031 a prime number?
True
Is 1132367 a prime number?
False
Is 80819 composite?
False
Is 398616929 a prime number?
True
Is 1390171 composite?
True
Is 16884019 a prime number?
False
Is 861043 a composite number?
False
Is 428579 prime?
True
Is 85514039 prime?
False
Is 151489083 composite?
True
Is 50937581 prime?
True
Is 3054319 a prime number?
True
Is 11180497 composite?
True
Is 2614427 a composite number?
False
Is 65256853 a prime number?
False
Is 1203101 composite?
False
Is 151242313 composite?
False
Is 7139221 a composite number?
True
Is 27105163 a prime number?
True
Is 7978871 a composite number?
False
Is 10332373 a composite number?
False
Is 4674913 composite?
True
Is 4378019 a composite number?
False
Is 4186801 a prime number?
True
Is 2477066 prime?
False
Is 228729907 a prime number?
False
Is 210939887 prime?
True
Is 110119007 a prime number?
True
Is 10750249 a composite number?
False
Is 4297091 a composite number?
False
Is 7713703 a composite number?
True
Is 479376761 a composite number?
True
Is 8241085 a composite number?
True
Is 18502207 a composite number?
False
Is 144055333 a prime number?
True
Is 6722641 a composite number?
True
Is 11009099 a prime number?
False
Is 878701 composite?
True
Is 14020519 a composite number?
False
Is 53229871 composite?
False
Is 44096726 prime?
False
Is 392713613 a composite number?
False
Is 102513167 composite?
False
Is 357389 a prime number?
True
Is 275081567 prime?
True
Is 1032943 prime?
True
Is 2384971 a composite number?
False
Is 66299465 a composite number?
True
Is 2707697 prime?
False
Is 2630989 prime?
True
Is 29031311 prime?
False
Is 11186029 prime?
True
Is 11203201 a prime number?
True
Is 947814697 prime?
False
Is 2529721 composite?
False
Is 184287694 composite?
True
Is 30999979 prime?
True
Is 4003609 prime?
False
Is 21856759 a prime number?
True
Is 87379757 a prime number?
True
Is 641478023 composite?
False
Is 715087 a composite number?
False
Is 2406529 a prime number?
True
Is 3241247 composite?
True
Is 7708529 prime?
True
Is 1810331 a prime number?
False
Is 48848869 composite?
False
Is 891771415 a composite number?
True
Is 5970229 composite?
True
Is 523487 a prime number?
True
Is 5894287 a prime number?
False
Is 23849 prime?
False
Is 15750029 a prime number?
False
Is 177063049 a prime number?
True
Is 1493813 composite?
False
Is 5464301 a prime number?
False
Is 26862911 composite?
False
Is 365841131 a prime number?
True
Is 64551677 composite?
True
Is 430991 composite?
True
Is 57840689 composite?
True
Is 108075577 a prime number?
True
Is 2237861 a prime number?
True
Is 170211455 composite?
True
Is 255155 composite?
True
Is 19891741 a composite number?
False
Is 68522933 a composite number?
False
Is 28023091 prime?
True
Is 349973 a composite number?
True
Is 260075753 prime?
False
Is 35990069 prime?
False
Is 462217303 prime?
True
Is 923819303 a prime number?
False
Is 15033029 a composite number?
True
Is 5385098 composite?
True
Is 1875943 a prime number?
True
Is 3069191 composite?
True
Is 19552063 prime?
True
Is 409187 composite?
False
Is 37552111 composite?
True
Is 7292011 prime?
True
Is 132905977 prime?
True
Is 14313313 a prime number?
False
Is 95090657 composite?
False
Is 3099617 composite?
False
Is 1043454817 composite?
False
Is 37110313 a prime number?
True
Is 4465283 prime?
False
Is 505374319 prime?
True
Is 102834911 composite?
False
Is 7067089 prime?
True
Is 53374207 a composite number?
True
Is 74565759 composite?
True
Is 1369412677 composite?
False
Is 7243169 a composite number?
True
Is 179751847 prime?
False
Is 122971 composite?
False
Is 1017287 a composite number?
True
Is 1139057 prime?
False
Is 90575309 prime?
False
Is 1273618 prime?
False
Is 16196731 prime?
True
Is 1646269 prime?
False
Is 23529487 prime?
True
Is 49620413 a composite number?
False
Is 299262569 a composite number?
True
Is 3192103 a prime number?
False
Is 63576377 composite?
True
Is 8060093 a composite number?
True
Is 3425093 a composite number?
True
Is 315039991 a prime number?
False
Is 1594763 a composite number?
False
Is 99043081 composite?
False
Is 144410281 prime?
True
Is 30560669 a composite number?
True
Is 2337299 a prime number?
True
Is 232367089 prime?
False
Is 45547451 a prime number?
True
Is 155729 a prime number?
False
Is 7754419 a composite number?
False
Is 1937503 a composite number?
True
Is 120730969 a prime number?
True
Is 41659063 a prime number?
True
Is 16968673 a composite number?
False
Is 50270107 a composite number?
False
Is 1061465 a composite number?
True
Is 1863967 prime?
False
Is 424101473 prime?
True
Is 94933 prime?
True
Is 140347 a composite number?
True
Is 3514103 a composite number?
False
Is 251387 composite?
False
Is 34859153 prime?
False
Is 160328189 a composite number?
True
Is 134520127 a composite number?
True
Is 5165783 prime?
False
Is 132919081 a composite number?
True
Is 7842713 a composite number?
False
Is 6040171 prime?
True
Is 154126741 prime?
True
Is 16129961 a prime number?
False
Is 1244251 a composite number?
True
Is 1218647 a prime number?
False
Is 86476259 prime?
True
Is 456947 prime?
False
Is 43412387 a composite number?
False
Is 338144797 composite?
False
Is 434754869 a composite number?
True
Is 66169 a composite number?
False
Is 5385893 prime?
True
Is 30162241 a prime number?
False
Is 175545629 a composite number?
True
Is 31101671 a prime number?
True
Is 87359 a composite number?
False
Is 3100393 prime?
False
Is 14919209 composite?
True
Is 425387 prime?
True
Is 958780201 a prime number?
True
Is 237137 prime?
True
Is 19123001 prime?
False
Is 145243487 composite?
False
Is 1671323 composite?
True
Is 10492739 composite?
True
Is 144499343 prime?
False
Is 23306791 composite?
True
Is 4340003 prime?
True
Is 17100749 prime?
False
Is 16286349 a prime number?
False
Is 113693077 a prime number?
True
Is 2620019 a composite number?
False
Is 87201113 composite?
False
Is 18286921 a composite number?
False
Is 1404295 a composite number?
True
Is 22084421 composite?
True
Is 38520458 prime?
False
Is 6444281 a composite number?
True
Is 19054681 composite?
True
Is 32019239 composite?
True
Is 544097 prime?
True
Is 26177051 composite?
True
Is 73028551 a composite number?
True
Is 2365133 a prime number?
False
Is 15699883 composite?
False
Is 7696967 a composite number?
False
Is 29343499 a prime number?
True
Is 255279551 prime?
True
Is 8593703 prime?
True
Is 9692141 composite?
False
Is 5069759 composite?
False
Is 384576079 prime?
True
Is 2738231 prime?
True
Is 312611023 prime?
True
Is 155596115 a composite number?
True
Is 32041913 a composite number?
True
Is 252797 composite?
True
Is 3912401 a prime number?
True
Is 133421789 composite?
False
Is 1463579 prime?
False
Is 1158341 composite?
False
Is 164441633 prime?
True
Is 34343327 a composite number?
False
Is 591827 prime?
True
Is 12780451 a prime number?
False
Is 44039845 composite?
True
Is 55